-28. Suppose -12*a + 642 = -j*a. Suppose 2*o + 12 = -o, -a = -2*x - o. What are the prime factors of x?
109
Let l(b) = -b - 3. Let j(z) = 128*z + 24. Let c(o) = j(o) + 16*l(o). What are the prime factors of c(3)?
2, 3, 13
Suppose 323*b + 334698 = 365*b. List the prime factors of b.
13, 613
Let c(l) = 3*l**3 - 10*l**2 + 17*l - 17. Let f = 89 + -84. Let t(u) = 5*u**3 - 15*u**2 + 26*u - 25. Let b(w) = f*t(w) - 8*c(w). List the prime factors of b(-6).
11
Suppose 6*n = -61 + 73. Suppose -5*t = n*f - 307, -5*f + 2*t = -3*t - 750. What are the prime factors of f?
151
Let a(x) = 37*x**3 - 3*x**2 + 3*x + 7. Let g be a(-2). Let i = g + 717. What are the prime factors of i?
2, 5, 41
Suppose 3*f - 3*a = 16017, 4*f + 2*a = 8127 + 13199. What are the prime factors of f?
2, 3, 7, 127
Suppose -2*x + 10851 + 2239 = -r, 0 = 3*r + 18. What are the prime factors of x?
2, 3271
Let n = -1329 - -10835. List the prime factors of n.
2, 7, 97
Let a(m) = -7356*m + 61. What are the prime factors of a(-1)?
7417
Let g(r) = 158*r + 3. Let i be g(-2). List the prime factors of 2 + -4 + 1 - i.
2, 3, 13
List the prime factors of ((-1 - -4) + -53 + 35)/(-1).
3, 5
Suppose -v = -5*p + 89, 0 = -0*v + v + 4. Let k(n) = n**2 - 16*n - 1. Let i be k(p). Let g(y) = -y**3 + 15*y**2 + 20*y - 20. What are the prime factors of g(i)?
2, 11
Let j(y) = -2*y**2 + y - 460. Let w be j(0). Let n = w - -744. Suppose n = -3*m + 7*m. List the prime factors of m.
71
Suppose 0 = -15*s + s + 15600 + 20744. What are the prime factors of s?
2, 11, 59
Suppose -6*g + 4974 + 10667 = -48199. What are the prime factors of g?
2, 5, 7, 19
Let s = -1055 + 4972. What are the prime factors of s?
3917
What are the prime factors of 4/((-16934)/(-126855) + (-160)/1200)?
3, 2819
Suppose 0 = -4*u - 5*v + 48, 2*u + 5*v - 24 = -0*v. List the prime factors of -5 + 1 - (u - 566).
2, 5, 11
Let f = -386 + 387. List the prime factors of 161824/256 - f/(1*8).
2, 79
Suppose 0 = 4*o, -2*o - 19814 = h - 3*h. What are the prime factors of h?
9907
Let x(w) = 39*w. Let v be x(1). What are the prime factors of 3/(-9) - (-20722)/v?
3, 59
Suppose 0 = -5*q + z + 4585 + 15480, 0 = z. What are the prime factors of q?
4013
Let m(o) be the first derivative of o**4/4 - 2*o**3/3 - 5*o**2/2 + 7*o + 13. Let r be m(4). Let p = 73 - r. What are the prime factors of p?
2, 3
Let t = 132 + 287. Let u = -171 + t. Suppose -10*d + u = -2*d. List the prime factors of d.
31
Let s(z) = 26*z**2 + 24*z - 134. What are the prime factors of s(4)?
2, 3, 7
Let w(y) = -49*y - 9. Let i = 68 - 75. List the prime factors of w(i).
2, 167
Suppose -h = 4*h + i - 10, -h = -3*i - 18. Suppose 2*l = h*n + 363, 0 = -2*n - 8 - 2. Suppose 0 = -2*t + l + 86. What are the prime factors of t?
2, 5, 13
Let f be (-1)/1*(7 - 4) - -5. List the prime factors of ((-14816)/64)/((-1)/f).
463
Suppose 3*g - 6660 = 5*y + 5691, 4*g + 5*y - 16538 = 0. What are the prime factors of g?
4127
Let c = -117 + 93. Let t = -19 - c. Suppose 1 = -k, -t*k + 875 = 4*v + v. What are the prime factors of v?
2, 11
Let p(w) = -2*w - 2. Let g(h) = -13 + 30 - 16. Let x(i) = -4*g(i) + p(i). What are the prime factors of x(-13)?
2, 5
Let i(l) = 5*l - 6*l + 1 - 2 + 4. Let z(c) = -8*c + 25. Let j(g) = -51*i(g) + 6*z(g). List the prime factors of j(9).
2, 3
Let c be (-1 + 2 + 0)/((-9)/(-19323)). Let f = c - 1012. List the prime factors of f.
5, 227
Let v(z) be the second derivative of 0 + 27/2*z**2 + 4/3*z**3 + 24*z. List the prime factors of v(6).
3, 5
Suppose 5*p + 12 = 4*n, -p = -0*p + 4. Let c(t) = -3*t - 3. Let z be c(n). Suppose 4 - 16 = -z*m. What are the prime factors of m?
2
Suppose 0*u - 3*u = -3*a + 2310, -3*u = -5*a + 2306. Let c = -74 - u. List the prime factors of c.
2, 349
Let k = 2669 - -734. What are the prime factors of k?
41, 83
List the prime factors of (20013/5)/((-263)/(-1315)).
3, 7, 953
Let h(j) = 69*j**2 - 9*j - 542. List the prime factors of h(-22).
2, 8263
What are the prime factors of 10/45 + (-1451504)/(-72)?
2, 3, 5, 7
Let l(v) = -145*v + 197. Let m(x) = -2*x - 1. Let t(c) = -l(c) + 2*m(c). List the prime factors of t(7).
2, 197
Let q be (-2 - (1 - 5)) + 135/9. Let z = q + -19. What are the prime factors of ((-18)/7)/((z + -4)/252)?
2, 3
Suppose -19476 - 14250 = -11*q. Let f = q - 2030. What are the prime factors of f?
2, 7, 37
What are the prime factors of ((-65)/(-182))/((-20)/16) + (-583118)/(-14)?
41651
Let k be (5/(-15))/(-2*(-1)/(-6)). Suppose -9 = -s + 3. What are the prime factors of (s/(-8))/(k/88*-6)?
2, 11
Suppose -4*j + 582 = 5*s, -4*s = 2*j - 519 + 51. Let f = s + -117. What are the prime factors of 10*(12 - 4)*f?
2, 5
Suppose -12923*f - 328152 = -12947*f. What are the prime factors of f?
11, 113
Let z(t) = t**2 + 11*t - 15. Let p be z(-13). Suppose 10*d + 427 = p*d. Suppose 10*k - d = 443. What are the prime factors of k?
3, 29
Suppose d = 4*d - 336. Let h be d/(-10) + (-28)/(-140). Let z = 30 + h. List the prime factors of z.
19
Let q = 384 - 120. Suppose 0 = -u + 2*u - 4, k + u = q. Suppose 71*t = 70*t + k. What are the prime factors of t?
2, 5, 13
Let t = -47751 - -48731. What are the prime factors of t?
2, 5, 7
Let y(q) = q**2 + 10*q - 26. Let v = 82 + -104. List the prime factors of y(v).
2, 7, 17
Let o = -744 - -1060. Suppose 4*t - 3*t - o = 0. List the prime factors of t.
2, 79
Let h = -90 + 96. Suppose 204 + 1650 = -h*n. Let t = -202 - n. List the prime factors of t.
107
List the prime factors of (-866)/((-1 - -5)/(-128)) + -1.
3, 3079
Suppose 18*n = 14*n - 2964. Let t = 2090 + n. What are the prime factors of t?
19, 71
Suppose -g + 5*n = -5044, -3*g = -5*g + 2*n + 10048. List the prime factors of g.
3, 7, 239
List the prime factors of 136/(-51)*(-14229)/9.
2, 17, 31
Suppose 3*h = 6*h - 3, -113273 = -2*s - h. List the prime factors of s.
2, 14159
Let h(b) = 21*b**2 - 34*b - 9. Let a be (-4 + (-10)/(-4))*20/6. List the prime factors of h(a).
2, 7
Let m be -8 + -1 + 215832/102. Suppose w + a - m = 0, 5*w + a = 9*w - 8403. List the prime factors of w.
2, 1051
Let i = 1340 + -1320. List the prime factors of i.
2, 5
Let g(n) = -31*n - 127. Let u(x) = -15*x - 64. Let i(h) = -2*g(h) + 5*u(h). What are the prime factors of i(-18)?
2, 3, 7
What are the prime factors of 117/15*8/(-24)*-4365?
3, 13, 97
Suppose -6*b + 2*b + 76 = 0. Suppose 0 = -4*z - b + 23. Let r(t) = 32*t**2 + 3*t - 3. What are the prime factors of r(z)?
2
Suppose -2*z - j = -59993, -4*z - j - 29437 + 149424 = 0. What are the prime factors of z?
3, 11, 101
Let t(z) be the third derivative of z**6/120 - 2*z**5/15 + 2*z**4/3 + 5*z**3/2 + 59*z**2. What are the prime factors of t(8)?
11, 13
Suppose -4*t = -2*a + 14248, 3*a + 8*t = 12*t + 21362. What are the prime factors of a?
2, 3557
Let i = -525 - -527. Suppose 4*j + i*m = 4366, -j + 860 = 3*m - 224. What are the prime factors of j?
1093
Let n(t) = t**3 - 4*t**2 + 3*t. Let f be n(3). Let x be 254/3 - (f + (-1)/3). What are the prime factors of ((-136)/x)/((-1)/120)?
2, 3
Let h(r) = r**3 + 41*r**2 + 105*r - 118. What are the prime factors of h(-22)?
2, 3, 47
List the prime factors of 13 + -10 - -65*52.
17, 199
Suppose u + g - 6 = 0, 2*u + 14 = 5*g - 9. Let v(r) = -r - 2 - 3*r + 8*r**2 + 4*r**2 - u - r**3. What are the prime factors of v(6)?
3, 7
Let b be ((-7)/((-49)/(-70)))/(-3 + 1). Suppose 5*w - 2*w - b*v - 1076 = 0, -5*w = 3*v - 1816. List the prime factors of w.
2, 181
Let l(p) = 2*p + 1 - 3*p - 8*p - 21*p**2 + 7*p. Let w be l(1). List the prime factors of 3/(((-2)/(-6))/(w/(-33))).
2, 3
Suppose 24 = 10*k + 124. Let a(w) = -88*w + 361. What are the prime factors of a(k)?
17, 73
Let i be (-207)/(-4)*(-12)/(-3). Suppose -12*t = 923 + 266 - 133. Let k = t + i. What are the prime factors of k?
7, 17
Let v(p) = 10*p**2 - 225*p - 1247. What are the prime factors of v(95)?
2, 11, 29, 53
Let g = 43 + -11. Suppose 28*p = g*p - 2040. Suppose 0 = 3*o + 2*o - p. What are the prime factors of o?
2, 3, 17
Suppose -2*h = w - 2109, -2*w - h = -4*h - 4260. What are the prime factors of w?
3, 7, 101
Let n = -25 - -29. Let o be (0/(-3))/(n - 2). Suppose -x - 2*x + 225 = o. List the prime factors of x.
3, 5
Let z be (-191178)/198 + (-18)/(-33). Let t = -580 - z. List the prime factors of t.
5, 7, 11
Suppose 4*h - 2*x - 3*x = 22, 3*x - 6 = -4*h. Suppose 8 = -g + 5*n, -